{"id":87,"date":"2016-02-15T08:10:09","date_gmt":"2016-02-15T07:10:09","guid":{"rendered":"http:\/\/stmeme-stlouis.fr\/?page_id=87"},"modified":"2024-12-18T23:08:41","modified_gmt":"2024-12-18T22:08:41","slug":"catechese-et-culture-chretienne","status":"publish","type":"page","link":"https:\/\/stmeme-stlouis.fr\/?page_id=87","title":{"rendered":"Cat\u00e9ch\u00e8se et culture chr\u00e9tienne"},"content":{"rendered":"<p style=\"text-align: center;\"><span style=\"color: #00ccff;\"><strong>L&#8217;\u00e9cole St Louis est un \u00e9tablissement catholique qui, dans le cadre de son projet \u00e9ducatif, <\/strong><\/span><br \/>\n<span style=\"color: #00ccff;\"><strong>met en \u0153uvre une proposition cat\u00e9ch\u00e9tique dont voici les modalit\u00e9s.<\/strong><\/span><\/p>\n<p>&nbsp;<\/p>\n<p><strong><span style=\"color: #00ccff;\">L&#8217;\u00e9quipe<br \/>\n<\/span><\/strong><\/p>\n<p><strong><em>Eveil \u00e0 la Foi :&nbsp;<\/em><\/strong> Marie-Christine Ramond, Nathalie Pavageau, et Mme Ga\u00eblle Guimas<\/p>\n<p><em><strong>Cat\u00e9ch\u00e8se<\/strong> :<\/em> Monique Barteau, Myriam L\u00e9ger, Marie-H\u00e9l\u00e8ne&nbsp;<\/p>\n<p><em><strong>Culture Chr\u00e9tienne : <\/strong><\/em>Catherine Merlet-Prou et Aur\u00e9lie Lhomelet<\/p>\n<p><span style=\"color: #00ccff;\"><strong>Eveil \u00e0 la Foi<\/strong><\/span><br \/>\n<strong><em>En maternelle et au CP<\/em><\/strong><br \/>\nLes enfants jusqu&#8217;au CP b\u00e9n\u00e9ficient d&#8217;un \u00e9veil \u00e0 la Foi assur\u00e9 par les enseignants ainsi que par un parent b\u00e9n\u00e9vole, Mme Ga\u00eblle Guimas (pour les CP) autour des grandes f\u00eates de l&#8217;ann\u00e9e liturgique (No\u00ebl, P\u00e2ques, &#8230;) et sous la forme d&#8217;\u00e9changes rejoignant&nbsp;la vie quotidienne des enfants : le respect, le pardon, &#8230;<\/p>\n<p><em><strong>En CE1<\/strong><\/em><br \/>\nCe temps a lieu chaque vendredi et est assur\u00e9 par l&#8217;enseignante.<\/p>\n<p style=\"text-align: left;\"><span style=\"color: #00ccff;\"><strong>Cat\u00e9ch\u00e8se ou Culture chr\u00e9tienne (CE2 \u00e0 CM2)<\/strong><\/span><\/p>\n<p style=\"text-align: center;\"><strong>Les \u00e9l\u00e8ves et leurs familles choisissent l&#8217;une ou l&#8217;autre des propositions.<\/strong><br \/>\n<strong>Quelles diff\u00e9rences entre cat\u00e9ch\u00e8se et culture chr\u00e9tienne ?<\/strong><\/p>\n<p style=\"text-align: left;\"><strong>La cat\u00e9ch\u00e8se<\/strong> est sur le versant de la proposition de Foi et permet de demander en Paroisse \u00e0 recevoir les sacrements du bapt\u00eame ou de la premi\u00e8re communion. Choisir la cat\u00e9ch\u00e8se c&#8217;est souhaiter avancer sur le chemin de sa Foi. La cat\u00e9ch\u00e8se a \u00e9galement lieu chaque lundi et est assur\u00e9e \u00e0 l&#8217;\u00e9cole par 1 b\u00e9n\u00e9vole : Mme Monique Barteau qui anime un groupe d&#8217;une dizaine d&#8217;\u00e9l\u00e8ves.<\/p>\n<p><strong>La culture chr\u00e9tienne<\/strong> est sur le versant culturel et ne n\u00e9cessite pas de se retrouver dans la Foi chr\u00e9tienne. Elle ne permet pas de pr\u00e9parer le bapt\u00eame ou la premi\u00e8re communion. C&#8217;est un enseignement&nbsp;m\u00ealant histoire, g\u00e9ographie, arts, &#8230; afin de d\u00e9couvrir des \u00e9l\u00e9ments de connaissance propres aux religions et plus particuli\u00e8rement \u00e0 la religion chr\u00e9tienne <em>(plan d&#8217;une \u00e9glise, monuments des diff\u00e9rentes religions, comment f\u00eate-t-on No\u00ebl dans le monde, l&#8217;histoire de J\u00e9sus, la peinture et la musiques religieuses, &#8230;)<\/em><\/p>\n<p>Ces temps (cat\u00e9ch\u00e8se OU culture chr\u00e9tienne) ont lieu le vendredi matin et sont assur\u00e9s par les enseignantes ou les cat\u00e9chistes.<\/p>\n<p>&nbsp;<\/p>\n<p><span style=\"color: #00ccff;\"><strong>Les temps forts<\/strong><\/span><br \/>\nDans le courant de l&#8217;ann\u00e9e se d\u00e9roule sur temps scolaire une c\u00e9l\u00e9bration \u00e0 l&#8217;\u00e9glise anim\u00e9e par les cat\u00e9chistes, les enfants et les b\u00e9n\u00e9voles qui souhaitent s&#8217;y associer.&nbsp;<\/p>\n<p>&nbsp;<\/p>\n<p><span style=\"color: #00ccff;\"><strong>Appel aux b\u00e9n\u00e9voles<\/strong><\/span><br \/>\nLes personnes qui souhaiteraient s&#8217;engager aupr\u00e8s d&#8217;un groupe d&#8217;enfants (\u00e9veil \u00e0 la Foi, cat\u00e9ch\u00e8se, culture chr\u00e9tienne, animation de c\u00e9l\u00e9bration, &#8230;) sont les bienvenues.<br \/>\nL&#8217;\u00e9quipe&nbsp;enseignante se tient \u00e0 votre disposition pour plus de renseignements : horaires, outils, &#8230;<\/p>\n<p>&nbsp;<\/p>\n<p><span style=\"color: #00ccff;\"><strong>Outils utilis\u00e9s en cat\u00e9ch\u00e8se et en culture chr\u00e9tienne<\/strong><\/span><\/p>\n<iframe src=\"\/\/docs.google.com\/viewer?url=http%3A%2F%2Fstmeme-stlouis.fr%2Fwp-content%2Fuploads%2F2016%2F02%2FInfos-Nathanael.pdf&hl=fr&embedded=true\" class=\"gde-frame\" style=\"width:100%; height:500px; border: none;\" scrolling=\"no\"><\/iframe>\n<p class=\"gde-text\"><a href=\"http:\/\/stmeme-stlouis.fr\/wp-content\/uploads\/2016\/02\/Infos-Nathanael.pdf\" class=\"gde-link\">T\u00e9l\u00e9charger (PDF, 485KB)<\/a><\/p>\n","protected":false},"excerpt":{"rendered":"<p>L&#8217;\u00e9cole St Louis est un \u00e9tablissement catholique qui, dans le cadre de son projet \u00e9ducatif, met en \u0153uvre une proposition cat\u00e9ch\u00e9tique dont voici les modalit\u00e9s. &nbsp; L&#8217;\u00e9quipe Eveil \u00e0 la Foi :&nbsp; Marie-Christine Ramond, Nathalie Pavageau, et Mme Ga\u00eblle Guimas Cat\u00e9ch\u00e8se : Monique Barteau, Myriam L\u00e9ger, Marie-H\u00e9l\u00e8ne&nbsp; Culture Chr\u00e9tienne : Catherine Merlet-Prou et Aur\u00e9lie Lhomelet<\/p>\n<p><a href=\"https:\/\/stmeme-stlouis.fr\/?page_id=87\" class=\"more-link themebutton\">Lire la suite<\/a><\/p>\n","protected":false},"author":2,"featured_media":0,"parent":0,"menu_order":0,"comment_status":"closed","ping_status":"closed","template":"","meta":{"footnotes":""},"_links":{"self":[{"href":"https:\/\/stmeme-stlouis.fr\/index.php?rest_route=\/wp\/v2\/pages\/87"}],"collection":[{"href":"https:\/\/stmeme-stlouis.fr\/index.php?rest_route=\/wp\/v2\/pages"}],"about":[{"href":"https:\/\/stmeme-stlouis.fr\/index.php?rest_route=\/wp\/v2\/types\/page"}],"author":[{"embeddable":true,"href":"https:\/\/stmeme-stlouis.fr\/index.php?rest_route=\/wp\/v2\/users\/2"}],"replies":[{"embeddable":true,"href":"https:\/\/stmeme-stlouis.fr\/index.php?rest_route=%2Fwp%2Fv2%2Fcomments&post=87"}],"version-history":[{"count":16,"href":"https:\/\/stmeme-stlouis.fr\/index.php?rest_route=\/wp\/v2\/pages\/87\/revisions"}],"predecessor-version":[{"id":4215,"href":"https:\/\/stmeme-stlouis.fr\/index.php?rest_route=\/wp\/v2\/pages\/87\/revisions\/4215"}],"wp:attachment":[{"href":"https:\/\/stmeme-stlouis.fr\/index.php?rest_route=%2Fwp%2Fv2%2Fmedia&parent=87"}],"curies":[{"name":"wp","href":"https:\/\/api.w.org\/{rel}","templated":true}]}}