{"id":82,"date":"2016-02-15T08:02:59","date_gmt":"2016-02-15T07:02:59","guid":{"rendered":"http:\/\/stmeme-stlouis.fr\/?page_id=82"},"modified":"2024-02-08T09:53:09","modified_gmt":"2024-02-08T08:53:09","slug":"restauration-et-periscolaire","status":"publish","type":"page","link":"https:\/\/stmeme-stlouis.fr\/?page_id=82","title":{"rendered":"Restauration et P\u00e9riscolaire- Services Municipaux"},"content":{"rendered":"<p style=\"text-align: center;\"><strong>Les services de cantine&nbsp;et de p\u00e9riscolaire sont organis\u00e9s par la municipalit\u00e9<br \/>\npour les 2 \u00e9coles&nbsp;de la commune.<\/strong><\/p>\n<p style=\"text-align: left;\">Contact : Mme Laurine Batard<\/p>\n<p><strong>Service Enfance &#8211; Jeunesse<\/strong><br \/>\n02 28 96 37 64<br \/>\n06 48 55 76 31<br \/>\naps-cantine.stmeme@machecoul.fr<\/p>\n<p>&nbsp;<\/p>\n<h3><span style=\"color: #008000;\"><strong>Accueil p\u00e9riscolaire<\/strong><\/span><\/h3>\n<div id=\"p1391\" class=\"cs-paragraphe-item  \">\n<div class=\"cs-texte\">\n<p><em>Cette structure accueille les enfants des groupes scolaires maternels et primaires \u00ab La Genette \u00bb et \u00ab St Louis \u00bb. L\u2019accueil p\u00e9riscolaire est un moment de d\u00e9tente et de loisirs \u00e9ducatifs adapt\u00e9 au rythme des enfants et participe \u00e0 l\u2019\u00e9veil de chacun par le biais de diff\u00e9rentes activit\u00e9s et coins propos\u00e9s.<\/em><\/p>\n<\/div>\n<\/div>\n<div id=\"p1392\" class=\"cs-paragraphe-item  \">\n<p><span style=\"color: #33cccc;\">Organisation de l&#8217;accueil<\/span><\/p>\n<div class=\"cs-texte\">\n<p>Le service accueille les enfants inscrits aux \u00e9coles \u00ab La Genette \u00bb et \u00ab St Louis \u00bb. <strong>L\u2019accueil fonctionne en p\u00e9riode scolaire, les lundis, mardis,&nbsp; jeudis et vendredis.<\/strong><\/p>\n<p><strong>Le matin<\/strong><br \/>\n7h20 \u00e0 8h35, puis les enfants sont conduits jusqu\u2019\u00e0 leur \u00e9cole, et pour les \u00e9l\u00e8ves de maternelles,&nbsp; jusqu\u2019\u00e0 leur classe.<\/p>\n<p><strong>Le soir<\/strong><br \/>\nD\u00e9part \u00e0 16h20 des \u00e9coles \u00ab La Genette \u00bb et \u00ab St Louis \u00bb vers le b\u00e2timent du p\u00e9riscolaire. Les familles peuvent venir r\u00e9cup\u00e9rer leur(s)enfant(s ) \u00e0 partir de 16h30 et ce jusqu\u2019\u00e0 18h30.<\/p>\n<p><strong>Pour le mercredi&nbsp; les familles peuvent inscrire leurs enfants aupr\u00e8s de l&#8217;accueil de loisirs Bulles et couleurs : cl@machecoul &#8211; 02 51 78 34 83<\/strong><br \/>\n<strong>A noter :<\/strong>&nbsp;aucun go\u00fbter n&#8217;est fourni, il vous appartient de le pr\u00e9voir pour votre enfant.<br \/>\n&nbsp;<\/p>\n<\/div>\n<\/div>\n<div id=\"p1393\" class=\"cs-paragraphe-item  \">\n<p><span style=\"color: #33cccc;\">Modalit\u00e9s d&#8217;inscription au service<\/span><\/p>\n<p>Toute d\u00e9marche est \u00e0 effectuer via le Portail Familles. <a style=\"font-size: 16px;\" href=\"https:\/\/www.machecoul-saint-meme.fr\/au-quotidien\/grandir\/portail-familles\/\">Cliquez ici pour plus d&#8217;informations.<\/a><\/p>\n<\/div>\n<p>&nbsp;<\/p>\n<h3><span style=\"color: #008000;\"><strong>Restauration scolaire<\/strong><\/span><\/h3>\n<div id=\"p1400\" class=\"cs-paragraphe-item  \">\n<div class=\"cs-texte\">\n<p>Le restaurant scolaire accueille les enfants inscrits au groupe scolaire maternel et primaire \u00ab La Genette \u00bb et \u00ab Saint Louis \u00bb les<strong>&nbsp;lundis, mardis, jeudis et vendredis.<\/strong><br \/>\nLors de l\u2019inscription, pr\u00e9cisez si votre enfant mange r\u00e9guli\u00e8rement ou non, et dans la mesure du possible selon quel rythme.<br \/>\nLe repas est pris dans le b\u00e2timent ou se situe l\u2019accueil p\u00e9riscolaire.<br \/>\n<strong>Le mercredi midi le restaurant scolaire fonctionne uniquement pour les enfants qui fr\u00e9quentent l\u2019accueil de loisirs.<\/strong><\/p>\n<p>Toute d\u00e9marche d&#8217;inscription se fait via le Portail Familles. <a href=\"https:\/\/www.machecoul-saint-meme.fr\/au-quotidien\/grandir\/portail-familles\/\">En savoir +<\/a><\/p>\n<\/div>\n<\/div>\n<div id=\"p1689\" class=\"cs-paragraphe-item  \">\n<p><span style=\"color: #33cccc;\">Les menus<\/span><\/p>\n<div class=\"cs-texte\">\n<p>Les menus sont \u00e9labor\u00e9s par une di\u00e9t\u00e9ticienne avec la soci\u00e9t\u00e9 de restauration ELIOR situ\u00e9 sur la commune de Machecoul-Saint-M\u00eame.<\/p>\n<\/div>\n<\/div>\n<p>Menus en ligne :&nbsp;<a href=\"https:\/\/www.machecoul-saint-meme.fr\/au-quotidien\/vie-scolaire\/restauration-scolaire\/\">https:\/\/www.machecoul-saint-meme.fr\/au-quotidien\/vie-scolaire\/restauration-scolaire\/<\/a><\/p>\n<p>&nbsp;<\/p>\n<p>&nbsp;<\/p>\n","protected":false},"excerpt":{"rendered":"<p>Les services de cantine&nbsp;et de p\u00e9riscolaire sont organis\u00e9s par la municipalit\u00e9 pour les 2 \u00e9coles&nbsp;de la commune. Contact : Mme Laurine Batard Service Enfance &#8211; Jeunesse 02 28 96 37 64 06 48 55 76 31 aps-cantine.stmeme@machecoul.fr &nbsp; Accueil p\u00e9riscolaire Cette structure accueille les enfants des groupes scolaires maternels et primaires \u00ab La Genette \u00bb<\/p>\n<p><a href=\"https:\/\/stmeme-stlouis.fr\/?page_id=82\" class=\"more-link themebutton\">Lire la suite<\/a><\/p>\n","protected":false},"author":2,"featured_media":0,"parent":0,"menu_order":0,"comment_status":"closed","ping_status":"closed","template":"","meta":{"footnotes":""},"_links":{"self":[{"href":"https:\/\/stmeme-stlouis.fr\/index.php?rest_route=\/wp\/v2\/pages\/82"}],"collection":[{"href":"https:\/\/stmeme-stlouis.fr\/index.php?rest_route=\/wp\/v2\/pages"}],"about":[{"href":"https:\/\/stmeme-stlouis.fr\/index.php?rest_route=\/wp\/v2\/types\/page"}],"author":[{"embeddable":true,"href":"https:\/\/stmeme-stlouis.fr\/index.php?rest_route=\/wp\/v2\/users\/2"}],"replies":[{"embeddable":true,"href":"https:\/\/stmeme-stlouis.fr\/index.php?rest_route=%2Fwp%2Fv2%2Fcomments&post=82"}],"version-history":[{"count":10,"href":"https:\/\/stmeme-stlouis.fr\/index.php?rest_route=\/wp\/v2\/pages\/82\/revisions"}],"predecessor-version":[{"id":4118,"href":"https:\/\/stmeme-stlouis.fr\/index.php?rest_route=\/wp\/v2\/pages\/82\/revisions\/4118"}],"wp:attachment":[{"href":"https:\/\/stmeme-stlouis.fr\/index.php?rest_route=%2Fwp%2Fv2%2Fmedia&parent=82"}],"curies":[{"name":"wp","href":"https:\/\/api.w.org\/{rel}","templated":true}]}}

Restauration et Périscolaire- Services Municipaux

<p style="text-align: center;"><strong>Les services de cantine&nbsp;et de périscolaire sont organisés par la municipalité<br />
pour les 2 écoles&nbsp;de la commune.</strong></p>
<p style="text-align: left;">Contact : Mme Laurine Batard</p>
<p><strong>Service Enfance &#8211; Jeunesse</strong><br />
02 28 96 37 64<br />
06 48 55 76 31<br />
aps-cantine.stmeme@machecoul.fr</p>
<p>&nbsp;</p>
<h3><span style="color: #008000;"><strong>Accueil périscolaire</strong></span></h3>
<div id="p1391" class="cs-paragraphe-item  ">
<div class="cs-texte">
<p><em>Cette structure accueille les enfants des groupes scolaires maternels et primaires « La Genette » et « St Louis ». L’accueil périscolaire est un moment de détente et de loisirs éducatifs adapté au rythme des enfants et participe à l’éveil de chacun par le biais de différentes activités et coins proposés.</em></p>
</div>
</div>
<div id="p1392" class="cs-paragraphe-item  ">
<p><span style="color: #33cccc;">Organisation de l&#8217;accueil</span></p>
<div class="cs-texte">
<p>Le service accueille les enfants inscrits aux écoles « La Genette » et « St Louis ». <strong>L’accueil fonctionne en période scolaire, les lundis, mardis,&nbsp; jeudis et vendredis.</strong></p>
<p><strong>Le matin</strong><br />
7h20 à 8h35, puis les enfants sont conduits jusqu’à leur école, et pour les élèves de maternelles,&nbsp; jusqu’à leur classe.</p>
<p><strong>Le soir</strong><br />
Départ à 16h20 des écoles « La Genette » et « St Louis » vers le bâtiment du périscolaire. Les familles peuvent venir récupérer leur(s)enfant(s ) à partir de 16h30 et ce jusqu’à 18h30.</p>
<p><strong>Pour le mercredi&nbsp; les familles peuvent inscrire leurs enfants auprès de l&#8217;accueil de loisirs Bulles et couleurs : cl@machecoul &#8211; 02 51 78 34 83</strong><br />
<strong>A noter :</strong>&nbsp;aucun goûter n&#8217;est fourni, il vous appartient de le prévoir pour votre enfant.<br />
&nbsp;</p>
</div>
</div>
<div id="p1393" class="cs-paragraphe-item  ">
<p><span style="color: #33cccc;">Modalités d&#8217;inscription au service</span></p>
<p>Toute démarche est à effectuer via le Portail Familles. <a style="font-size: 16px;" href="https://www.machecoul-saint-meme.fr/au-quotidien/grandir/portail-familles/">Cliquez ici pour plus d&#8217;informations.</a></p>
</div>
<p>&nbsp;</p>
<h3><span style="color: #008000;"><strong>Restauration scolaire</strong></span></h3>
<div id="p1400" class="cs-paragraphe-item  ">
<div class="cs-texte">
<p>Le restaurant scolaire accueille les enfants inscrits au groupe scolaire maternel et primaire « La Genette » et « Saint Louis » les<strong>&nbsp;lundis, mardis, jeudis et vendredis.</strong><br />
Lors de l’inscription, précisez si votre enfant mange régulièrement ou non, et dans la mesure du possible selon quel rythme.<br />
Le repas est pris dans le bâtiment ou se situe l’accueil périscolaire.<br />
<strong>Le mercredi midi le restaurant scolaire fonctionne uniquement pour les enfants qui fréquentent l’accueil de loisirs.</strong></p>
<p>Toute démarche d&#8217;inscription se fait via le Portail Familles. <a href="https://www.machecoul-saint-meme.fr/au-quotidien/grandir/portail-familles/">En savoir +</a></p>
</div>
</div>
<div id="p1689" class="cs-paragraphe-item  ">
<p><span style="color: #33cccc;">Les menus</span></p>
<div class="cs-texte">
<p>Les menus sont élaborés par une diététicienne avec la société de restauration ELIOR situé sur la commune de Machecoul-Saint-Même.</p>
</div>
</div>
<p>Menus en ligne :&nbsp;<a href="https://www.machecoul-saint-meme.fr/au-quotidien/vie-scolaire/restauration-scolaire/">https://www.machecoul-saint-meme.fr/au-quotidien/vie-scolaire/restauration-scolaire/</a></p>
<p>&nbsp;</p>
<p>&nbsp;</p>

<p>Les services de cantine&nbsp;et de périscolaire sont organisés par la municipalité pour les 2 écoles&nbsp;de la commune. Contact : Mme Laurine Batard Service Enfance &#8211; Jeunesse 02 28 96 37 64 06 48 55 76 31 aps-cantine.stmeme@machecoul.fr &nbsp; Accueil périscolaire Cette structure accueille les enfants des groupes scolaires maternels et primaires « La Genette »</p>
<p><a href="https://stmeme-stlouis.fr/?page_id=82" class="more-link themebutton">Lire la suite</a></p>
