{"id":504,"date":"2016-06-16T13:43:37","date_gmt":"2016-06-16T12:43:37","guid":{"rendered":"http:\/\/stmeme-stlouis.fr\/?page_id=504"},"modified":"2020-06-27T09:41:24","modified_gmt":"2020-06-27T08:41:24","slug":"documents-de-rentree","status":"publish","type":"page","link":"https:\/\/stmeme-stlouis.fr\/?page_id=504","title":{"rendered":"Documents de rentr\u00e9e"},"content":{"rendered":"<p style=\"text-align: center;\"><span style=\"color: #ff00ff;\"><strong>Vous trouverez sur cette page de quoi r\u00e9\u00e9diter quelques documents du dossier de rentr\u00e9e.<\/strong><\/span><\/p>\n<p><span style=\"text-decoration: underline;\"><strong><span style=\"color: #0000ff; text-decoration: underline;\">Autorisations diverses :<br \/>\n<iframe src=\"\/\/docs.google.com\/viewer?url=http%3A%2F%2Fstmeme-stlouis.fr%2Fwp-content%2Fuploads%2F2020%2F06%2FAutorisations-diverses-20-21.docx&hl=fr&embedded=true\" class=\"gde-frame\" style=\"width:100%; height:500px; border: none;\" scrolling=\"no\"><\/iframe>\n<p class=\"gde-text\"><a href=\"http:\/\/stmeme-stlouis.fr\/wp-content\/uploads\/2020\/06\/Autorisations-diverses-20-21.docx\" class=\"gde-link\">T\u00e9l\u00e9charger (DOCX, 81KB)<\/a><\/p><br \/>\n<\/span><\/strong><\/span><\/p>\n<p>&nbsp;<\/p>\n<p><span style=\"text-decoration: underline;\"><strong><span style=\"color: #0000ff; text-decoration: underline;\">Fiche d&#8217;urgence :&nbsp;<\/span><\/strong><\/span><\/p>\n<iframe src=\"\/\/docs.google.com\/viewer?url=http%3A%2F%2Fstmeme-stlouis.fr%2Fwp-content%2Fuploads%2F2020%2F06%2FUrgence-19-20.docx&hl=fr&embedded=true\" class=\"gde-frame\" style=\"width:100%; height:500px; border: none;\" scrolling=\"no\"><\/iframe>\n<p class=\"gde-text\"><a href=\"http:\/\/stmeme-stlouis.fr\/wp-content\/uploads\/2020\/06\/Urgence-19-20.docx\" class=\"gde-link\">T\u00e9l\u00e9charger (DOCX, 43KB)<\/a><\/p>\n<p><span style=\"text-decoration: underline;\"><strong><span style=\"color: #0000ff; text-decoration: underline;\">Personnes autoris\u00e9es \u00e0 reprendre l&#8217;enfant \u00e0 la sortie des classes :<\/span><\/strong><\/span><\/p>\n<iframe src=\"\/\/docs.google.com\/viewer?url=http%3A%2F%2Fstmeme-stlouis.fr%2Fwp-content%2Fuploads%2F2020%2F06%2FRemise-des-enfants-de-maternelle-et-CP-19-20.docx&hl=fr&embedded=true\" class=\"gde-frame\" style=\"width:100%; height:500px; border: none;\" scrolling=\"no\"><\/iframe>\n<p class=\"gde-text\"><a href=\"http:\/\/stmeme-stlouis.fr\/wp-content\/uploads\/2020\/06\/Remise-des-enfants-de-maternelle-et-CP-19-20.docx\" class=\"gde-link\">T\u00e9l\u00e9charger (DOCX, 82KB)<\/a><\/p>\n<p>&nbsp;<\/p>\n<p><span style=\"text-decoration: underline;\"><strong><span style=\"color: #0000ff; text-decoration: underline;\">Sortie des classes :<\/span><\/strong><\/span><\/p>\n<iframe src=\"\/\/docs.google.com\/viewer?url=http%3A%2F%2Fstmeme-stlouis.fr%2Fwp-content%2Fuploads%2F2020%2F06%2FAutorisation-de-partir-seul.docx&hl=fr&embedded=true\" class=\"gde-frame\" style=\"width:100%; height:500px; border: none;\" scrolling=\"no\"><\/iframe>\n<p class=\"gde-text\"><a href=\"http:\/\/stmeme-stlouis.fr\/wp-content\/uploads\/2020\/06\/Autorisation-de-partir-seul.docx\" class=\"gde-link\">T\u00e9l\u00e9charger (DOCX, 81KB)<\/a><\/p>\n<p>&nbsp;<\/p>\n<p><span style=\"text-decoration: underline;\"><span style=\"color: #0000ff;\"><strong>Transports scolaires :<\/strong><\/span><\/span><\/p>\n<iframe src=\"\/\/docs.google.com\/viewer?url=http%3A%2F%2Fstmeme-stlouis.fr%2Fwp-content%2Fuploads%2F2020%2F06%2FTransport-scolaire.docx&hl=fr&embedded=true\" class=\"gde-frame\" style=\"width:100%; height:500px; border: none;\" scrolling=\"no\"><\/iframe>\n<p class=\"gde-text\"><a href=\"http:\/\/stmeme-stlouis.fr\/wp-content\/uploads\/2020\/06\/Transport-scolaire.docx\" class=\"gde-link\">T\u00e9l\u00e9charger (DOCX, 81KB)<\/a><\/p>\n<p>&nbsp;<\/p>\n<p><span style=\"text-decoration: underline;\"><strong><span style=\"color: #0000ff; text-decoration: underline;\">Autorisation de pr\u00e9l\u00e8vement :<\/span><\/strong><\/span><\/p>\n<iframe src=\"\/\/docs.google.com\/viewer?url=http%3A%2F%2Fstmeme-stlouis.fr%2Fwp-content%2Fuploads%2F2016%2F06%2FAutoristaion-de-pr%C3%A9l%C3%A8vement.pdf&hl=fr&embedded=true\" class=\"gde-frame\" style=\"width:100%; height:500px; border: none;\" scrolling=\"no\"><\/iframe>\n<p class=\"gde-text\"><a href=\"http:\/\/stmeme-stlouis.fr\/wp-content\/uploads\/2016\/06\/Autoristaion-de-pr\u00e9l\u00e8vement.pdf\" class=\"gde-link\">T\u00e9l\u00e9charger (PDF, 94KB)<\/a><\/p>\n<p>&nbsp;<\/p>\n<p><span style=\"text-decoration: underline; color: #0000ff;\"><strong>Billets d&#8217;absence :<\/strong><\/span><\/p>\n<iframe src=\"\/\/docs.google.com\/viewer?url=http%3A%2F%2Fstmeme-stlouis.fr%2Fwp-content%2Fuploads%2F2016%2F06%2FBillet-dabsence.docx&hl=fr&embedded=true\" class=\"gde-frame\" style=\"width:100%; height:500px; border: none;\" scrolling=\"no\"><\/iframe>\n<p class=\"gde-text\"><a href=\"http:\/\/stmeme-stlouis.fr\/wp-content\/uploads\/2016\/06\/Billet-dabsence.docx\" class=\"gde-link\">T\u00e9l\u00e9charger (DOCX, 54KB)<\/a><\/p>\n<p>&nbsp;<\/p>\n<p><span style=\"text-decoration: underline;\"><span style=\"color: #0000ff;\"><strong>R\u00e8glement int\u00e9rieur<\/strong><\/span><\/span><\/p>\n<iframe src=\"\/\/docs.google.com\/viewer?url=http%3A%2F%2Fstmeme-stlouis.fr%2Fwp-content%2Fuploads%2F2020%2F06%2FR%C3%A8glement-int%C3%A9rieur-20-21.docx&hl=fr&embedded=true\" class=\"gde-frame\" style=\"width:100%; height:500px; border: none;\" scrolling=\"no\"><\/iframe>\n<p class=\"gde-text\"><a href=\"http:\/\/stmeme-stlouis.fr\/wp-content\/uploads\/2020\/06\/R\u00e8glement-int\u00e9rieur-20-21.docx\" class=\"gde-link\">T\u00e9l\u00e9charger (DOCX, 148KB)<\/a><\/p>\n<p>&nbsp;<\/p>\n<p><strong><span style=\"text-decoration: underline;\"><span style=\"color: #0000ff; text-decoration: underline;\">Contrat de scolarisation<\/span><\/span><\/strong><\/p>\n<iframe src=\"\/\/docs.google.com\/viewer?url=http%3A%2F%2Fstmeme-stlouis.fr%2Fwp-content%2Fuploads%2F2020%2F06%2FCDS-St-Louis-St-M%C3%AAme-BIEN-Avec-signature-20-21.docx&hl=fr&embedded=true\" class=\"gde-frame\" style=\"width:100%; height:500px; border: none;\" scrolling=\"no\"><\/iframe>\n<p class=\"gde-text\"><a href=\"http:\/\/stmeme-stlouis.fr\/wp-content\/uploads\/2020\/06\/CDS-St-Louis-St-M\u00eame-BIEN-Avec-signature-20-21.docx\" class=\"gde-link\">T\u00e9l\u00e9charger (DOCX, 497KB)<\/a><\/p>\n<p>&nbsp;<\/p>\n","protected":false},"excerpt":{"rendered":"<p>Vous trouverez sur cette page de quoi r\u00e9\u00e9diter quelques documents du dossier de rentr\u00e9e. Autorisations diverses : &nbsp; Fiche d&#8217;urgence :&nbsp; Personnes autoris\u00e9es \u00e0 reprendre l&#8217;enfant \u00e0 la sortie des classes : &nbsp; Sortie des classes : &nbsp; Transports scolaires : &nbsp; Autorisation de pr\u00e9l\u00e8vement : &nbsp; Billets d&#8217;absence : &nbsp; R\u00e8glement int\u00e9rieur &nbsp; Contrat<\/p>\n<p><a href=\"https:\/\/stmeme-stlouis.fr\/?page_id=504\" class=\"more-link themebutton\">Lire la suite<\/a><\/p>\n","protected":false},"author":2,"featured_media":0,"parent":0,"menu_order":0,"comment_status":"closed","ping_status":"closed","template":"","meta":{"footnotes":""},"_links":{"self":[{"href":"https:\/\/stmeme-stlouis.fr\/index.php?rest_route=\/wp\/v2\/pages\/504"}],"collection":[{"href":"https:\/\/stmeme-stlouis.fr\/index.php?rest_route=\/wp\/v2\/pages"}],"about":[{"href":"https:\/\/stmeme-stlouis.fr\/index.php?rest_route=\/wp\/v2\/types\/page"}],"author":[{"embeddable":true,"href":"https:\/\/stmeme-stlouis.fr\/index.php?rest_route=\/wp\/v2\/users\/2"}],"replies":[{"embeddable":true,"href":"https:\/\/stmeme-stlouis.fr\/index.php?rest_route=%2Fwp%2Fv2%2Fcomments&post=504"}],"version-history":[{"count":16,"href":"https:\/\/stmeme-stlouis.fr\/index.php?rest_route=\/wp\/v2\/pages\/504\/revisions"}],"predecessor-version":[{"id":2863,"href":"https:\/\/stmeme-stlouis.fr\/index.php?rest_route=\/wp\/v2\/pages\/504\/revisions\/2863"}],"wp:attachment":[{"href":"https:\/\/stmeme-stlouis.fr\/index.php?rest_route=%2Fwp%2Fv2%2Fmedia&parent=504"}],"curies":[{"name":"wp","href":"https:\/\/api.w.org\/{rel}","templated":true}]}}