{"id":3182,"date":"2021-02-11T09:27:01","date_gmt":"2021-02-11T08:27:01","guid":{"rendered":"http:\/\/stmeme-stlouis.fr\/?page_id=3182"},"modified":"2025-10-27T16:25:11","modified_gmt":"2025-10-27T15:25:11","slug":"inscriptions-rentree-2022","status":"publish","type":"page","link":"https:\/\/stmeme-stlouis.fr\/?page_id=3182","title":{"rendered":"INSCRIPTIONS &#8211; RENTREE 2026"},"content":{"rendered":"<p>&nbsp;<\/p>\n<p><span style=\"color: #ff0000;\"><strong>Les inscriptions \u00e0 l&#8217;\u00e9cole St Louis sont ouvertes pour les enfants n\u00e9s en 2023.<\/strong><\/span><\/p>\n<p><strong><span style=\"color: #12cc75;\">N&#8217;h\u00e9sitez pas \u00e0 prendre RDV pour un premier contact et une visite de l&#8217;\u00e9cole, soit par t\u00e9l\u00e9phone ou par mail :<\/span><\/strong><\/p>\n<ul>\n<li><span style=\"color: #00ccff;\"><strong>02 40 76 08 38 (r\u00e9pondeur au besoin)<\/strong><\/span><\/li>\n<li><span style=\"color: #00ccff;\"><strong>direction@ecole-stlouis-msm.fr<\/strong><\/span><\/li>\n<\/ul>\n<p><span style=\"text-decoration: underline;\">Les enfants n\u00e9s en 2023 pourront faire leur rentr\u00e9e :<\/span><\/p>\n<ul>\n<li>en PS pour la rentr\u00e9e de septembre 2026<\/li>\n<\/ul>\n<p><span style=\"text-decoration: underline;\">Les enfants n\u00e9s en 2024 pourront faire leur rentr\u00e9e en TPS :<\/span><\/p>\n<ul>\n<li>en septembre 2026 (si votre enfant est n\u00e9 en janvier\/f\u00e9vrier\/mars 2024) ou \u00e0 partir de janvier 2027 (si votre enfant est n\u00e9 entre janvier et juin 2024)<\/li>\n<\/ul>\n<p>&nbsp;<\/p>\n<p><strong><span style=\"color: #ff6600;\">Si vous souhaitez inscrire un enfant pour un autre niveau que la TPS ou la PS pour la prochaine rentr\u00e9e de septembre 2026<\/span><\/strong>, n&#8217;h\u00e9sitez pas \u00e0 prendre contact par t\u00e9l ou par mail, afin de convenir d&#8217;une rencontre.<\/p>\n<p>Les portes ouvertes de l&#8217;\u00e9cole auront lieu le <strong>vendredi 30 janvier 2026 de 17h30 \u00e0 19h30.<\/strong><\/p>\n<p>&nbsp;<\/p>\n","protected":false},"excerpt":{"rendered":"<p>&nbsp; Les inscriptions \u00e0 l&#8217;\u00e9cole St Louis sont ouvertes pour les enfants n\u00e9s en 2023. N&#8217;h\u00e9sitez pas \u00e0 prendre RDV pour un premier contact et une visite de l&#8217;\u00e9cole, soit par t\u00e9l\u00e9phone ou par mail : 02 40 76 08 38 (r\u00e9pondeur au besoin) direction@ecole-stlouis-msm.fr Les enfants n\u00e9s en 2023 pourront faire leur rentr\u00e9e :<\/p>\n<p><a href=\"https:\/\/stmeme-stlouis.fr\/?page_id=3182\" class=\"more-link themebutton\">Lire la suite<\/a><\/p>\n","protected":false},"author":2,"featured_media":0,"parent":0,"menu_order":0,"comment_status":"closed","ping_status":"closed","template":"","meta":{"footnotes":""},"_links":{"self":[{"href":"https:\/\/stmeme-stlouis.fr\/index.php?rest_route=\/wp\/v2\/pages\/3182"}],"collection":[{"href":"https:\/\/stmeme-stlouis.fr\/index.php?rest_route=\/wp\/v2\/pages"}],"about":[{"href":"https:\/\/stmeme-stlouis.fr\/index.php?rest_route=\/wp\/v2\/types\/page"}],"author":[{"embeddable":true,"href":"https:\/\/stmeme-stlouis.fr\/index.php?rest_route=\/wp\/v2\/users\/2"}],"replies":[{"embeddable":true,"href":"https:\/\/stmeme-stlouis.fr\/index.php?rest_route=%2Fwp%2Fv2%2Fcomments&post=3182"}],"version-history":[{"count":33,"href":"https:\/\/stmeme-stlouis.fr\/index.php?rest_route=\/wp\/v2\/pages\/3182\/revisions"}],"predecessor-version":[{"id":4272,"href":"https:\/\/stmeme-stlouis.fr\/index.php?rest_route=\/wp\/v2\/pages\/3182\/revisions\/4272"}],"wp:attachment":[{"href":"https:\/\/stmeme-stlouis.fr\/index.php?rest_route=%2Fwp%2Fv2%2Fmedia&parent=3182"}],"curies":[{"name":"wp","href":"https:\/\/api.w.org\/{rel}","templated":true}]}}