{"id":192,"date":"2016-02-16T18:02:19","date_gmt":"2016-02-16T17:02:19","guid":{"rendered":"http:\/\/stmeme-stlouis.fr\/?page_id=192"},"modified":"2016-02-16T18:09:49","modified_gmt":"2016-02-16T17:09:49","slug":"locaux-equipement","status":"publish","type":"page","link":"https:\/\/stmeme-stlouis.fr\/?page_id=192","title":{"rendered":"Locaux &#8211; Equipement"},"content":{"rendered":"<p><strong><span style=\"color: #993366;\">Les \u00e9l\u00e8ves ont fait leur rentr\u00e9e dans la nouvelle \u00e9cole St Louis \u00e0 la Toussaint 2014.<\/span><\/strong><\/p>\n<p><strong><span style=\"color: #993366;\">Spacieuses, accueillantes, claires et bien chauff\u00e9es, les salles de classes sont toutes \u00e9quip\u00e9es de vid\u00e9oprojecteurs et d&#8217;une connexion internet.<\/span><\/strong><\/p>\n<p><strong><span style=\"color: #993366;\">Bonne visite &#8230;<\/span><\/strong><\/p>\n<p><em>PS : Ne vous fiez pas aux volets ferm\u00e9s, c&#8217;est ouvert !!<\/em><\/p>\n<p>&nbsp;<\/p>\n<iframe src=\"\/\/docs.google.com\/viewer?url=http%3A%2F%2Fstmeme-stlouis.fr%2Fwp-content%2Fuploads%2F2016%2F02%2FVisite-%C3%A9cole.pptx&hl=fr&embedded=true\" class=\"gde-frame\" style=\"width:100%; height:500px; border: none;\" scrolling=\"no\"><\/iframe>\n<p class=\"gde-text\"><a href=\"http:\/\/stmeme-stlouis.fr\/wp-content\/uploads\/2016\/02\/Visite-\u00e9cole.pptx\" class=\"gde-link\">T\u00e9l\u00e9charger (PPTX, 8.73Mo)<\/a><\/p>\n","protected":false},"excerpt":{"rendered":"<p>Les \u00e9l\u00e8ves ont fait leur rentr\u00e9e dans la nouvelle \u00e9cole St Louis \u00e0 la Toussaint 2014. Spacieuses, accueillantes, claires et bien chauff\u00e9es, les salles de classes sont toutes \u00e9quip\u00e9es de vid\u00e9oprojecteurs et d&#8217;une connexion internet. Bonne visite &#8230; PS : Ne vous fiez pas aux volets ferm\u00e9s, c&#8217;est ouvert !! &nbsp;<\/p>\n","protected":false},"author":2,"featured_media":0,"parent":0,"menu_order":0,"comment_status":"closed","ping_status":"closed","template":"","meta":{"footnotes":""},"_links":{"self":[{"href":"https:\/\/stmeme-stlouis.fr\/index.php?rest_route=\/wp\/v2\/pages\/192"}],"collection":[{"href":"https:\/\/stmeme-stlouis.fr\/index.php?rest_route=\/wp\/v2\/pages"}],"about":[{"href":"https:\/\/stmeme-stlouis.fr\/index.php?rest_route=\/wp\/v2\/types\/page"}],"author":[{"embeddable":true,"href":"https:\/\/stmeme-stlouis.fr\/index.php?rest_route=\/wp\/v2\/users\/2"}],"replies":[{"embeddable":true,"href":"https:\/\/stmeme-stlouis.fr\/index.php?rest_route=%2Fwp%2Fv2%2Fcomments&post=192"}],"version-history":[{"count":3,"href":"https:\/\/stmeme-stlouis.fr\/index.php?rest_route=\/wp\/v2\/pages\/192\/revisions"}],"predecessor-version":[{"id":197,"href":"https:\/\/stmeme-stlouis.fr\/index.php?rest_route=\/wp\/v2\/pages\/192\/revisions\/197"}],"wp:attachment":[{"href":"https:\/\/stmeme-stlouis.fr\/index.php?rest_route=%2Fwp%2Fv2%2Fmedia&parent=192"}],"curies":[{"name":"wp","href":"https:\/\/api.w.org\/{rel}","templated":true}]}}