{"id":1568,"date":"2018-08-20T10:43:00","date_gmt":"2018-08-20T09:43:00","guid":{"rendered":"http:\/\/stmeme-stlouis.fr\/?page_id=1568"},"modified":"2022-12-04T22:08:14","modified_gmt":"2022-12-04T21:08:14","slug":"bibliotheque","status":"publish","type":"page","link":"https:\/\/stmeme-stlouis.fr\/?page_id=1568","title":{"rendered":"Biblioth\u00e8que"},"content":{"rendered":"<p>Les classes de l&#8217;\u00e9cole se rendent \u00e0 la biblioth\u00e8que &#8220;A M\u00eame de Lire&#8221; de St M\u00eame le Tenu 1 fois par mois.<\/p>\n<p>Voici \u00e9galement un lien vers la biblioth\u00e8que de Machecoul-St M\u00eame &#8220;La Virgule&#8221; :<\/p>\n<p><a href=\"http:\/\/www.bibliotheque-machecoul.fr\/\">http:\/\/www.bibliotheque-machecoul.fr\/<\/a><\/p>\n<p>&nbsp;<\/p>\n","protected":false},"excerpt":{"rendered":"<p>Les classes de l&#8217;\u00e9cole se rendent \u00e0 la biblioth\u00e8que &#8220;A M\u00eame de Lire&#8221; de St M\u00eame le Tenu 1 fois par mois. Voici \u00e9galement un lien vers la biblioth\u00e8que de Machecoul-St M\u00eame &#8220;La Virgule&#8221; : http:\/\/www.bibliotheque-machecoul.fr\/ &nbsp;<\/p>\n","protected":false},"author":2,"featured_media":0,"parent":0,"menu_order":0,"comment_status":"closed","ping_status":"closed","template":"","meta":{"footnotes":""},"_links":{"self":[{"href":"https:\/\/stmeme-stlouis.fr\/index.php?rest_route=\/wp\/v2\/pages\/1568"}],"collection":[{"href":"https:\/\/stmeme-stlouis.fr\/index.php?rest_route=\/wp\/v2\/pages"}],"about":[{"href":"https:\/\/stmeme-stlouis.fr\/index.php?rest_route=\/wp\/v2\/types\/page"}],"author":[{"embeddable":true,"href":"https:\/\/stmeme-stlouis.fr\/index.php?rest_route=\/wp\/v2\/users\/2"}],"replies":[{"embeddable":true,"href":"https:\/\/stmeme-stlouis.fr\/index.php?rest_route=%2Fwp%2Fv2%2Fcomments&post=1568"}],"version-history":[{"count":12,"href":"https:\/\/stmeme-stlouis.fr\/index.php?rest_route=\/wp\/v2\/pages\/1568\/revisions"}],"predecessor-version":[{"id":3783,"href":"https:\/\/stmeme-stlouis.fr\/index.php?rest_route=\/wp\/v2\/pages\/1568\/revisions\/3783"}],"wp:attachment":[{"href":"https:\/\/stmeme-stlouis.fr\/index.php?rest_route=%2Fwp%2Fv2%2Fmedia&parent=1568"}],"curies":[{"name":"wp","href":"https:\/\/api.w.org\/{rel}","templated":true}]}}